7?
2
What is the units digit of 1086462693?
3
What is the tens digit of 66779167?
6
What is the thousands digit of 46821628?
1
What is the ten millions digit of 3639111034?
3
What is the thousands digit of 255027589?
7
What is the tens digit of 284965891?
9
What is the thousands digit of 92132722?
2
What is the thousands digit of 236850071?
0
What is the millions digit of 28551390?
8
What is the units digit of 129847072?
2
What is the hundreds digit of 2115887172?
1
What is the tens digit of 70282313?
1
What is the hundred thousands digit of 15326848?
3
What is the tens digit of 4399439020?
2
What is the ten thousands digit of 143366581?
6
What is the hundred thousands digit of 818511129?
5
What is the tens digit of 1913978204?
0
What is the thousands digit of 5907457675?
7
What is the units digit of 204009985?
5
What is the units digit of 1223610291?
1
What is the tens digit of 722752364?
6
What is the hundred thousands digit of 33796142?
7
What is the hundreds digit of 71027126?
1
What is the hundreds digit of 42196696?
6
What is the millions digit of 1870999285?
0
What is the ten millions digit of 367148816?
6
What is the millions digit of 169827007?
9
What is the ten millions digit of 412868456?
1
What is the units digit of 1175939982?
2
What is the ten thousands digit of 1876947433?
4
What is the tens digit of 5068098658?
5
What is the hundreds digit of 1850680388?
3
What is the ten thousands digit of 1615618327?
1
What is the tens digit of 38781519?
1
What is the hundred thousands digit of 242672067?
6
What is the tens digit of 202079309?
0
What is the ten millions digit of 537868615?
3
What is the ten thousands digit of 2189196671?
9
What is the ten millions digit of 29131528?
2
What is the tens digit of 233837846?
4
What is the millions digit of 427509307?
7
What is the thousands digit of 2371314037?
4
What is the hundred thousands digit of 96297936?
2
What is the hundred millions digit of 295758943?
2
What is the millions digit of 536260093?
6
What is the hundreds digit of 542719379?
3
What is the ten thousands digit of 111787781?
8
What is the hundred millions digit of 902138149?
9
What is the millions digit of 4117643339?
7
What is the thousands digit of 608531883?
1
What is the thousands digit of 87271365?
1
What is the tens digit of 1932795777?
7
What is the ten thousands digit of 5037183381?
8
What is the hundreds digit of 2249899777?
7
What is the ten millions digit of 598689434?
9
What is the tens digit of 154535922?
2
What is the hundred thousands digit of 96852948?
8
What is the hundreds digit of 111067259?
2
What is the hundreds digit of 52345034?
0
What is the hundred thousands digit of 66188073?
1
What is the units digit of 99664220?
0
What is the hundreds digit of 127870622?
6
What is the tens digit of 46305447?
4
What is the ten thousands digit of 3204341529?
4
What is the ten millions digit of 143813931?
4
What is the ten thousands digit of 2304705397?
0
What is the units digit of 2202236641?
1
What is the units digit of 116398751?
1
What is the tens digit of 48201166?
6
What is the ten millions digit of 3686145378?
8
What is the hundreds digit of 1155497992?
9
What is the units digit of 76629483?
3
What is the thousands digit of 2719094436?
4
What is the billions digit of 2664133708?
2
What is the millions digit of 513937049?
3
What is the millions digit of 110962013?
0
What is the hundreds digit of 207920203?
2
What is the hundreds digit of 193921182?
1
What is the hundred thousands digit of 425278925?
2
What is the millions digit of 23050618?
3
What is the ten millions digit of 3600535184?
0
What is the units digit of 1037459840?
0
What is the ten millions digit of 2946718607?
4
What is the millions digit of 773143927?
3
What is the hundred thousands digit of 3362853640?
8
What is the hundred thousands digit of 2090900350?
9
What is the millions digit of 24238314?
4
What is the ten thousands digit of 1109543520?
4
What is the ten thousands digit of 271807747?
0
What is the ten thousands digit of 58540639?
4
What is the hundreds digit of 2637340664?
6
What is the units digit of 80227439?
9
What is the tens digit of 197844780?
8
What is the ten thousands digit of 1378846192?
4
What is the millions digit of 795123768?
5
What is the units digit of 121129676?
6
What is the tens digit of 1307613763?
6
What is the millions digit of 87290925?
7
What is the hundred millions digit of 160025788?
1
What is the units digit of 61924307?
7
What is the ten millions digit of 154896704?
5
What is the hundreds digit of 113422592?
5
What is the hundreds digit of 1737515519?
5
What is the ten thousands digit of 5277691111?
9
What is the billions digit of 3249677404?
3
What is the units digit of 2478956?
6
What is the units digit of 658029519?
9
What is the thousands digit of 843501?
3
What is the billions digit of 6726930002?
6
What is the units digit of 61066906?
6
What is the tens digit of 45729822?
2
What is the billions digit of 3242540893?
3
What is the hundred thousands digit of 75865847?
8
What is the hundreds digit of 3232190921?
9
What is the ten thousands digit of 375565336?
6
What is the hundreds digit of 2637459091?
0
What is the tens digit of 63304815?
1
What is the hundreds digit of 193188575?
5
What is the hundred thousands digit of 144318111?
3
What is the hundreds digit of 68632384?
3
What is the millions digit of 2352017974?
2
What is the hundreds digit of 244139073?
0
What is the hundreds digit of 19823737?
7
What is the hundred thousands digit of 4075748004?
7
What is the billions digit of 4729841761?
4
What is the hundred millions digit of 2511101359?
5
What is the hundreds digit of 22960126?
1
What is the hundreds digit of 474106358?
3
What is the hundreds digit of 7702035415?
4
What is the ten millions digit of 2179766128?
7
What is the ten thousands digit of 1048043545?
4
What is the ten millions digit of 329022611?
2
What is the thousands digit of 41300915?
0
What is the millions digit of 1573341692?
3
What is the hundred millions digit of 3180388716?
1
What is the hundred thousands digit of 90533734?
5
What is the millions digit of 136493305?
6
What is the hundred thousands digit of 528949?
5
What is the tens digit of 129941430?
3
What is the ten millions digit of 104927722?
0
What is the hundred millions digit of 710766786?
7
What is the thousands digit of 1270054866?
4
What is the millions digit of 104128038?
4
What is the thousands digit of 60194686?
4
What is the thousands digit of 8758196235?
6
What is the units digit of 44399026?
6
What is the hundred thousands digit of 88526952?
5
What is the units digit of 219062191?
1
What is the hundreds digit of 2217102127?
1
What is the millions digit of 346088269?
6
What is the millions digit of 375805614?
5
What is the ten millions digit of 665976905?
6
What is the hundred thousands digit of 2219806057?
8
What is the tens digit of 1548801475?
7
What is the units digit of 65640715?
5
What is the hundreds digit of 14499080?
0
What is the hundreds digit of 2291802035?
0
What is the hundreds digit of 3151425474?
4
What is the hundred millions digit of 137793672?
1
What is the tens digit of 1178737419?
1
What is the units digit of 29485751?
1
What is the hundred thousands digit of 25860662?
8
What is the ten thousands digit of 8365720993?
2
What is the ten millions digit of 2599200735?
9
What is the tens digit of 289109790?
9
What is the units digit of 29638066?
6
What is the tens digit of 298740139?
3
What is the millions digit of 6004331?
6
What is the hundred millions digit of 1964450319?
9
What is the thousands digit of 1774657878?
7
What is the thousands digit of 317740327?
0
What is the thousands digit of 94805593?
5
What is the hundred thousands digit of 450340754?
3
What is the hundred thousands digit of 22144700?
1
What is the hundred thousands digit of 73321237?
3
What is the hundred millions digit of 445030372?
4
What is the units digit of 4730206541?
1
What is the thousands digit of 650914113?
4
What is the tens digit of 418481010?
1
What is the thousands digit of 58124567?
4
What is the ten thousands digit of 382195763?
9
What is the hundred thousands digit of 1162482916?
4
What is the ten millions digit of 31808274?
3
What is the ten millions digit of